
True
Is 26 a multiple of 13?
True
Is 322 a multiple of 23?
True
Is 47310 a multiple of 285?
True
Is 2 a factor of 998?
True
Is 2067 a multiple of 13?
True
Is 9763 a multiple of 45?
False
Is 13 a factor of 1954?
False
Is 44151 a multiple of 297?
False
Is 64 a factor of 2076?
False
Does 122 divide 351?
False
Is 18 a factor of 1010?
False
Is 5 a factor of 2176?
False
Is 31 a factor of 1674?
True
Is 1400 a multiple of 50?
True
Does 30 divide 570?
True
Does 9 divide 3051?
True
Is 334 a factor of 26329?
False
Is 6873 a multiple of 11?
False
Is 34 a factor of 5709?
False
Does 4 divide 2251?
False
Is 4935 a multiple of 105?
True
Is 3 a factor of 1008?
True
Is 11 a factor of 479?
False
Is 16 a factor of 1524?
False
Does 98 divide 42238?
True
Is 1260 a multiple of 14?
True
Does 8 divide 854?
False
Is 47 a factor of 946?
False
Is 23 a factor of 1230?
False
Does 30 divide 24411?
False
Does 7 divide 263?
False
Is 50 a factor of 26100?
True
Is 38723 a multiple of 24?
False
Does 14 divide 52230?
False
Does 44 divide 27280?
True
Is 60 a factor of 18960?
True
Is 8288 a multiple of 74?
True
Is 27 a factor of 4338?
False
Is 36 a factor of 1084?
False
Does 81 divide 1112?
False
Is 163 a multiple of 10?
False
Is 738 a multiple of 26?
False
Is 55 a factor of 6620?
False
Is 1034 a multiple of 13?
False
Is 8 a factor of 356?
False
Does 42 divide 31752?
True
Is 15 a factor of 795?
True
Does 5 divide 410?
True
Is 60 a multiple of 10?
True
Is 55 a multiple of 18?
False
Is 19 a factor of 3211?
True
Does 21 divide 189?
True
Is 51 a factor of 91086?
True
Does 489 divide 49389?
True
Is 508 a multiple of 18?
False
Does 28 divide 2220?
False
Does 113 divide 1683?
False
Does 12 divide 1850?
False
Does 3 divide 24645?
True
Does 21 divide 3864?
True
Does 58 divide 7482?
True
Is 11 a factor of 22?
True
Does 67 divide 23852?
True
Does 81 divide 5184?
True
Is 8 a factor of 726?
False
Does 132 divide 9108?
True
Does 125 divide 4000?
True
Does 19 divide 323?
True
Is 16 a factor of 215?
False
Is 5 a factor of 539?
False
Does 23 divide 25800?
False
Is 42 a factor of 82405?
False
Is 18 a factor of 25470?
True
Is 2535 a multiple of 5?
True
Does 132 divide 87472?
False
Is 3424 a multiple of 8?
True
Is 4 a factor of 2942?
False
Is 142 a factor of 35450?
False
Does 16 divide 658?
False
Does 42 divide 1854?
False
Is 76410 a multiple of 30?
True
Does 20 divide 1318?
False
Is 110 a factor of 1650?
True
Is 2005 a multiple of 102?
False
Does 22 divide 9515?
False
Is 80 a multiple of 4?
True
Is 86 a factor of 2250?
False
Is 6 a factor of 3276?
True
Is 13 a factor of 143?
True
Is 97090 a multiple of 50?
False
Does 7 divide 2342?
False
Is 5 a factor of 250?
True
Does 43 divide 9615?
False
Does 72 divide 35099?
False
Is 266 even?
True
Is 33 a factor of 8781?
False
Does 7 divide 637?
True
Does 6 divide 39612?
True
Is 10200 a multiple of 15?
True
Is 63 a factor of 49959?
True
Is 2380 a multiple of 34?
True
Is 328 a multiple of 17?
False
Is 15 a factor of 2970?
True
Is 16 a factor of 8928?
True
Is 34 a factor of 306?
True
Does 37 divide 2592?
False
Is 9 a factor of 738?
True
Is 689 a multiple of 43?
False
Is 108 a factor of 15876?
True
Is 21 a factor of 6073?
False
Is 8 a factor of 4768?
True
Does 33 divide 6599?
False
Is 23850 a multiple of 45?
True
Is 13 a factor of 254?
False
Is 2895 a multiple of 7?
False
Is 82873 a multiple of 16?
False
Is 3311 a multiple of 43?
True
Is 5472 a multiple of 38?
True
Is 4478 a multiple of 22?
False
Is 14 a factor of 602?
True
Is 23 a factor of 4320?
False
Is 13569 a multiple of 38?
False
Does 30 divide 37201?
False
Is 1244 a multiple of 4?
True
Is 7 a factor of 6594?
True
Is 8 a factor of 1376?
True
Does 30 divide 9531?
False
Is 9675 a multiple of 260?
False
Is 4436 a multiple of 53?
False
Is 15080 a multiple of 4?
True
Does 49 divide 2366?
False
Is 113 a factor of 353?
False
Is 19 a factor of 2166?
True
Is 42 a factor of 44788?
False
Is 2586 a multiple of 11?
False
Is 12 a factor of 4967?
False
Is 33768 a multiple of 60?
False
Does 9 divide 106?
False
Does 7 divide 2282?
True
Is 3 a factor of 9894?
True
Does 111 divide 22644?
True
Is 6 a factor of 11512?
False
Does 25 divide 413?
False
Is 57 a factor of 4959?
True
Is 84 a factor of 1596?
True
Is 7840 a multiple of 13?
False
Is 21924 a multiple of 116?
True
Does 9 divide 1899?
True
Is 91 a multiple of 80?
False
Is 58656 a multiple of 48?
True
Does 6 divide 150?
True
Does 12 divide 1221?
False
Is 36 a factor of 60393?
False
Does 205 divide 10865?
True
Does 13 divide 3128?
False
Does 63 divide 1267?
False
Is 27921 a multiple of 33?
False
Is 12 a factor of 1052?
False
Is 26 a factor of 8268?
True
Is 39 a factor of 3735?
False
Is 14497 a multiple of 33?
False
Is 72 a multiple of 6?
True
Is 13 a factor of 5895?
False
Is 15 a factor of 1846?
False
Is 114 a multiple of 62?
False
Is 92 a factor of 3683?
False
Does 60 divide 503?
False
Does 35 divide 449?
False
Is 659 a multiple of 21?
False
Is 141 a multiple of 9?
False
Is 563 a multiple of 27?
False
Is 9 a factor of 1107?
True
Does 10 divide 713?
False
Is 17 a factor of 1840?
False
Is 9 a factor of 14535?
True
Is 9394 a multiple of 14?
True
Is 21 a factor of 137?
False
Is 221 a multiple of 14?
False
Is 8 a factor of 2024?
True
Is 18 a factor of 15498?
True
Is 946 a multiple of 61?
False
Is 7856 a multiple of 16?
True
Does 171 divide 58311?
True
Does 6 divide 992?
False
Is 55640 a multiple of 428?
True
Is 9548 a multiple of 40?
False
Is 38 a factor of 2204?
True
Is 10 a factor of 98240?
True
Is 11 a factor of 66?
True
Does 12 divide 3252?
True
Does 5 divide 6945?
True
Is 82 a factor of 281?
False
Does 9 divide 193?
False
Is 20 a factor of 920?
True
Does 114 divide 8436?
True
Does 5 divide 21698?
False
Is 29 a factor of 1639?
False
Is 54 a factor of 7816?
False
Is 30 a factor of 93690?
True
Does 2 divide 9?
False
Is 55553 a multiple of 10?
False
Is 62964 a multiple of 22?
True
Does 24 divide 19423?
False
Does 29 divide 5802?
False
Is 4 a factor of 369?
False
Does 49 divide 6076?
True
Is 56 a factor of 2947?
False
Does 5 divide 1592?
False
Is 102 a factor of 32038?
False
Does 67 divide 9849?
True
Does 11 divide 2893?
True
Is 26 a factor of 416?
True
Is 120489 a multiple of 21?
False
Is 82 a factor of 4838?
True
Is 14 a factor of 1750?
True
Is 17 a factor of 782?
True
Does 65 divide 69030?
True
Is 43 a factor of 688?
True
Is 11670 a multiple of 10?
True
Is 352 a multiple of 11?
True
Is 5170 a multiple of 22?
True
Is 11 a factor of 99?
True
Is 18 a factor of 2681?
False
Does 7 divide 946?
False
Is 32 a factor of 3680?
True
Does 43 divide 111026?
True
Is 65551 a multiple of 38?
False
Is 12200 a multiple of 22?
False
Is 25 a factor of 5446?
False
Does 20 divide 6976?
False
Is 168 a factor of 11760?
True
Is 180 a factor of 8671?
False
Is 455 a multiple of 13?
True
Is 8 a factor of 968?
True
Is 59584 a multiple of 173?
False
Does 73 divide 2870?
False
Is 269 a factor of 10491?
True
Is 1854 a multiple of 2?
True
Does 23 divide 734?
False
Is 20 a factor of 41460?
True
Is 68 a factor of 43112?
True
Does 216 divide 17712?
True
Is 260 a multiple of 7?
False
Is 7 a factor of 8246?
True
Is 126918 a multiple of 18?
True
Does 15 divide 890?
False
Is 30439 a multiple of 12?
False
Is 62 a factor of 49414?
True
Is 3256 a multiple of 44?
True
Is 224 a factor of 31163?
False
Does 19 divide 95?
True
Does 3 divide 8349?
True
Is 19 a factor of 24466?
False
Does 33 divide 13266?
True
Is 140265 a multiple of 9?
True
Is 18660 a multiple of 30?
True
Is 952 a multiple of 28?
True
Is 12479 a multiple of 8?
False
Is 30 a multiple of 29?
False
Is 30 a factor of 2160?
True
Is 4 a factor of 664?
True
Is 2010 a multiple of 30?
True
Is 8570 even?
True
Is 21 a factor of 5772?
False
Is 68493 a multiple of 79?
True
Is 19 a factor of 16449?
False
Does 21 divide 1652?
False
Does 113 divide 23437?
False
Does 77 divide 2541?
True
Is 6 a factor of 2166?
True
Does 13 divide 886?
False
Is 34 a factor of 116?
False
Is 25888 a multiple of 3?
False
Is 16195 a multiple of 205?
True
Does 148 divide 22639?
False
Does 103 divide 1751?
True
Is 21 a factor of 903?
True
Is 41 a factor of 618?
False
Is 23 a factor of 278?
False
Is 1520 a multiple of 5?
True
Does 369 divide 40221?
True
Is 17 a factor of 850?
True
Is 72 a facto